1 - q. Calculate the greatest common divisor of d and 13.
13
Let u = -108 - -225. Calculate the highest common divisor of u and 104.
13
Let w be ((-5)/10)/((-2)/(-24)). Let s = w + 10. Suppose -s*u - 6 = -38. Calculate the greatest common factor of 16 and u.
8
Let x(v) = 11*v + 41. Let o be x(-1). Calculate the greatest common factor of 70 and o.
10
Suppose -4*i = -0*i - 8. Let b(o) = 1 + 5*o**2 - 3*o**2 - i - 4*o. Let y be b(4). What is the highest common divisor of 120 and y?
15
Let s = 139 - 134. Suppose -9*f + 5*f - q = -99, -s*q - 9 = -f. Calculate the highest common divisor of 132 and f.
12
Suppose 5*n = -2*i + 4*i + 106, 0 = -3*n - 5*i + 45. What is the greatest common factor of n and 5?
5
Suppose d + 5*y - 176 = 0, -220 = 2*d + 3*y - 586. Suppose 3*k + d - 570 = -3*b, -680 = -5*b + 5*k. What is the greatest common divisor of b and 44?
44
Let p be 9/(63/2)*-7. Let c be (10 - 9) + 4/p. Let x be (-1)/(-1) + 17 - c. Calculate the highest common factor of x and 209.
19
Let k = 16 - 18. Let v be (1 + 7)*k/(-4). Suppose 63 = -0*d + v*d + x, 3*d = x + 56. Calculate the highest common factor of d and 51.
17
Suppose -2*w - 10 + 12 = 2*d, -5*d = 4*w. What is the highest common divisor of w and 35?
5
Let k(z) = z**2 + z - 2. Let m be k(5). Let n = m + -4. Suppose 8*a - n = 4*a. Calculate the highest common divisor of 30 and a.
6
Let q(p) = 54 + 0*p**2 + 0*p**2 - 49 + 2*p**2 - 16*p. Let s be q(8). Calculate the highest common factor of 10 and s.
5
Let m = 87 - -25. What is the greatest common divisor of m and 16?
16
Suppose -2*l = -3*h - 36, 3*l = -2*h + 5*h + 39. Let x be (396/h)/((-6)/30). What is the greatest common divisor of 22 and x?
22
Suppose 0*b = b - 36. Let j be -9*4/(-6) - -3. Calculate the highest common divisor of j and b.
9
Let w be 2 + (-4)/8*8. Let r be 1 + (-2)/w + -27. Let t = r + 29. What is the highest common divisor of 16 and t?
4
Suppose -75 = -5*j + 7*k - 2*k, -4*k = -4. Suppose 3*f + f = j. Calculate the highest common factor of f and 6.
2
Suppose -11*d + 20*d - 162 = 0. What is the greatest common factor of 12 and d?
6
Suppose 3*h - c = 44, 2*c + 68 = 5*h - c. Suppose -4*i + 3*i + h = -2*y, -39 = -4*i + 3*y. What is the highest common divisor of i and 21?
3
Let l = 22 - 13. Suppose 1 - l = -u. Let q = -272 + 280. What is the greatest common divisor of q and u?
8
Suppose -5*u = -2*k + 30, 0 = -5*k - u - 3*u + 108. What is the highest common factor of k and 160?
20
Let p = -82 + 32. Let i = p - -75. Let f = -267 + 392. Calculate the greatest common factor of i and f.
25
Let d be (7 - -1)*(-3)/(-6). Suppose -d*j = -5*p + 20, 4*p = -3*j + 2 + 14. Suppose -5 = -p*i + 7. What is the highest common divisor of 2 and i?
1
Let h = 20 + -4. Let w(b) = b - 22. Let l be w(7). Let f be (-16)/(l/(-6) - 3). Calculate the greatest common factor of f and h.
16
Let f be 38/(-57) + 1/3*200. What is the highest common divisor of f and 275?
11
Let v = -233 + 404. Suppose 4*m - v = -43. What is the greatest common divisor of 48 and m?
16
Suppose l = -5 + 21. Suppose -10 = 15*w - l*w. What is the greatest common factor of 20 and w?
10
Suppose 2*z = 4*r - 4, -4*z + 42 = 3*r - r. Let a be (-10)/4*z/(-4). Calculate the highest common divisor of a and 20.
5
Let t = 17 + 1. Suppose 699 = -2*c + 39. Let z = c + 492. What is the highest common divisor of t and z?
18
Suppose 32 = 3*k - 5*b, 5*k - 4 = b - 5*b. Suppose 0 = -k*z + 9*z - 405. What is the greatest common factor of 9 and z?
9
Let l = 35 - 22. Suppose -8*r + 9*r = 13. What is the highest common divisor of r and l?
13
Let u(j) = -59*j - 5. Let g(p) = -13 - 60*p - 10 + 19. Let r(f) = 7*g(f) - 6*u(f). Let l be r(-1). What is the highest common divisor of l and 102?
34
Let g = -72 - -176. Suppose -175 = -7*c + 7. Calculate the highest common factor of g and c.
26
Suppose 3*m - 5*m = 3*h - 17, -h + 3 = 0. Suppose -m*p + 14 = -26. What is the highest common divisor of 25 and p?
5
Let i be (-38)/4*(1 - -1). Let w = -17 - i. Calculate the highest common factor of w and 8.
2
Suppose b + 4*b + 2*q = 196, b - 2*q = 44. Let a be (-80)/(-6)*(210/4)/5. What is the greatest common factor of a and b?
20
Let f(i) = -9*i**3 - i**2 + i + 1. Let g be f(-1). Suppose 4*t = g*t + 720. Let h be ((-1)/(-2))/((-5)/t). Calculate the greatest common divisor of h and 45.
9
Let n = 196 + -140. Let u(a) = 2*a. Let s be u(4). Calculate the highest common factor of n and s.
8
Let d(f) = 6*f + 26. Let n be d(17). Suppose -14*r - n = -18*r. Calculate the greatest common divisor of 224 and r.
32
Let k = 11 + -9. Let s(v) = -v**2 - 4*v + k*v + 12 - 7*v. Let b be s(-10). Calculate the greatest common divisor of b and 4.
2
Let p = 662 - 398. What is the highest common factor of 56 and p?
8
Let o = -27 + 27. Suppose -2*c - 2*j + 54 = o, -3*c - 38 = 2*j - 122. Calculate the greatest common divisor of 12 and c.
6
Suppose 0 = -2*p - 2*n + 66, 16 + 14 = p - 2*n. Calculate the greatest common factor of 8 and p.
8
Let w be (9/6)/(9/(-56))*-18. Calculate the highest common factor of 21 and w.
21
Let w = 77 + -27. Let x(o) = o + 17. Let i be x(-7). What is the highest common divisor of i and w?
10
Suppose -b + 5*p + 41 = 0, 6*b = b - p + 101. Let j be ((-9)/2)/(156/168 - 1). Calculate the greatest common divisor of j and b.
21
Let a be 2/((90/10)/90). What is the highest common factor of 25 and a?
5
Let b(t) be the third derivative of -t**4/24 + 62*t**3/3 - 4*t**2. Let q be b(0). Let i be -4 + 1 + q/1. Calculate the greatest common factor of 11 and i.
11
Suppose 3*j + 4*b = 350, 5*j - 594 = 13*b - 17*b. Calculate the greatest common divisor of j and 2.
2
Let s be (7 - 8) + 1065/(-3). Let j = -213 - s. Suppose 5 = 5*p - 60. What is the greatest common factor of p and j?
13
Let i(l) = -l**2 - 2*l - 6. Let t be i(3). Let x(d) = -2*d - 27. Let m be x(t). Suppose -4*p + 0 + 20 = 0. What is the greatest common divisor of p and m?
5
Let t = 189 - -20. Calculate the greatest common divisor of 19 and t.
19
Let n(y) = -25*y - 1. Let c be n(-1). Suppose 275*k = 279*k - 24. What is the greatest common divisor of c and k?
6
Let i = -10 + 17. Let o be 2/7 - (-110)/i. What is the greatest common factor of o and 2?
2
Let f = 8 - 5. Suppose 0*g + f*g + 5*u + 4 = 0, 0 = 2*g - 2*u - 8. Let z be (-3)/(-6) + 391/g. Calculate the highest common factor of z and 28.
28
Let j = -74 - -78. Suppose -k - 7*o + 94 = -j*o, -4*o + 4 = 0. What is the greatest common divisor of 13 and k?
13
Suppose 0 = -4*y + 2*z + 22, z = -0*y - 2*y + 9. Let d(g) = g**2 - 11*g - 5. Let a be d(11). Let n = 7 + a. What is the highest common divisor of n and y?
1
Let g(j) be the second derivative of 2*j**4/3 + 55*j**3/6 + 7*j**2/2 + 11*j. Let f be g(-7). What is the greatest common factor of f and 7?
7
Let k(m) = 2*m - 2. Let z(u) = -2*u + 2. Let s(g) = 6*k(g) + 7*z(g). Let j be s(-3). Calculate the highest common factor of j and 12.
4
Let v(a) = -a**3 + 16*a**2 + 2*a + 36. Let k = 37 + -21. Let x be v(k). What is the highest common divisor of 17 and x?
17
Let f(o) = 3*o - 5. Let y be f(4). Let n be 168/28*(y + 0). What is the greatest common factor of 210 and n?
42
Let a = 929 + -881. What is the highest common divisor of a and 400?
16
Let k(q) = 41*q + 5. Let b(p) = 14*p + 2. Let n(r) = 7*b(r) - 2*k(r). Let d be n(1). What is the greatest common divisor of 30 and d?
10
Suppose -61*k + 53*k = -288. Let j = 7 + -3. Calculate the highest common divisor of k and j.
4
Suppose 5 + 1 = -z - 3*m, 5*z - 50 = m. Let l(b) = -b**3 + 8*b**2 - 8*b + 10. Let f be l(7). Calculate the highest common factor of f and z.
3
Let d(y) = -7*y + 110. Let o be d(10). What is the greatest common factor of o and 380?
20
Let q = 34 - -15. Let k be (-32)/(-144) - 2*1374/(-27). Let m be 40/(-140) - k/(-14). What is the greatest common factor of m and q?
7
Suppose -5*z = -4*i - 5179, 2*i = z - 807 - 230. What is the highest common factor of z and 230?
115
Let z(d) = -d**3 + 20*d**2 - 7*d + 716. Let t be z(21). Suppose 2*a - 3 = 29. Calculate the greatest common factor of a and t.
16
Let p = 14 - 37. Let a = p + 29. Suppose 2*x - 62 = -4*h, -x - 5*h = -a*h - 25. Calculate the highest common factor of 27 and x.
27
Suppose 3*u = -0*z - 5*z + 25, 5*u - 3*z + 15 = 0. Let b = -365 - -371. Suppose l - b*l + 135 = u. What is